{"id":524,"date":"2013-03-03T07:46:18","date_gmt":"2013-03-03T07:46:18","guid":{"rendered":"https:\/\/velo-land.ch\/web\/?page_id=524"},"modified":"2013-03-03T07:49:28","modified_gmt":"2013-03-03T07:49:28","slug":"nous-parlons-francais","status":"publish","type":"page","link":"https:\/\/velo-land.ch\/web\/nous-parlons-francais\/","title":{"rendered":"Nous parlons Fran\u00e7ais"},"content":{"rendered":"<p>Engist Ernst et son \u00e9quipe vous conseillera \u00e9galement en fran\u00e7ais.<\/p>\n","protected":false},"excerpt":{"rendered":"<p>Engist Ernst et son \u00e9quipe vous conseillera \u00e9galement en fran\u00e7ais.<\/p>\n","protected":false},"author":1,"featured_media":0,"parent":0,"menu_order":0,"comment_status":"open","ping_status":"open","template":"","meta":{"ngg_post_thumbnail":0,"footnotes":""},"class_list":["post-524","page","type-page","status-publish","hentry"],"_links":{"self":[{"href":"https:\/\/velo-land.ch\/web\/wp-json\/wp\/v2\/pages\/524","targetHints":{"allow":["GET"]}}],"collection":[{"href":"https:\/\/velo-land.ch\/web\/wp-json\/wp\/v2\/pages"}],"about":[{"href":"https:\/\/velo-land.ch\/web\/wp-json\/wp\/v2\/types\/page"}],"author":[{"embeddable":true,"href":"https:\/\/velo-land.ch\/web\/wp-json\/wp\/v2\/users\/1"}],"replies":[{"embeddable":true,"href":"https:\/\/velo-land.ch\/web\/wp-json\/wp\/v2\/comments?post=524"}],"version-history":[{"count":3,"href":"https:\/\/velo-land.ch\/web\/wp-json\/wp\/v2\/pages\/524\/revisions"}],"predecessor-version":[{"id":529,"href":"https:\/\/velo-land.ch\/web\/wp-json\/wp\/v2\/pages\/524\/revisions\/529"}],"wp:attachment":[{"href":"https:\/\/velo-land.ch\/web\/wp-json\/wp\/v2\/media?parent=524"}],"curies":[{"name":"wp","href":"https:\/\/api.w.org\/{rel}","templated":true}]}}