{"id":4496,"date":"2023-02-02T14:36:09","date_gmt":"2023-02-02T13:36:09","guid":{"rendered":"https:\/\/velo-land.ch\/web\/?page_id=4496"},"modified":"2025-02-03T17:33:18","modified_gmt":"2025-02-03T16:33:18","slug":"tps","status":"publish","type":"page","link":"https:\/\/velo-land.ch\/web\/tps\/","title":{"rendered":"TPS"},"content":{"rendered":"<p>&nbsp;<\/p>\n<p><a href=\"https:\/\/velo-land.ch\/web\/wp-content\/uploads\/2023\/02\/tps-bearbeitet.png\"><img loading=\"lazy\" decoding=\"async\" class=\"alignleft wp-image-4488 size-thumbnail\" src=\"https:\/\/velo-land.ch\/web\/wp-content\/uploads\/2023\/02\/tps-bearbeitet-150x129.png\" alt=\"\" width=\"150\" height=\"129\" srcset=\"https:\/\/velo-land.ch\/web\/wp-content\/uploads\/2023\/02\/tps-bearbeitet-150x129.png 150w, https:\/\/velo-land.ch\/web\/wp-content\/uploads\/2023\/02\/tps-bearbeitet-240x206.png 240w, https:\/\/velo-land.ch\/web\/wp-content\/uploads\/2023\/02\/tps-bearbeitet-480x412.png 480w, https:\/\/velo-land.ch\/web\/wp-content\/uploads\/2023\/02\/tps-bearbeitet-768x660.png 768w, https:\/\/velo-land.ch\/web\/wp-content\/uploads\/2023\/02\/tps-bearbeitet.png 1246w\" sizes=\"auto, (max-width: 150px) 85vw, 150px\" \/><\/a><\/p>\n<p><strong>TPS The Perfect Setup ist die Komplettl\u00f6sung f\u00fcr die perfekte Performance deines Bikes!<br \/>\n<\/strong><br \/>\n<strong>TPS ist f\u00fcr Biker, Gravelfahrer, Rennvelofahrer und Tourenfahrer gleichermassen geeignet, die Module werden jeweils an den Velotyp angepasst.<\/strong><br \/>\n<strong>Sitzposition, Kraft\u00fcbertragung und Position der Hebel werden optimiert, die Federgabel und der D\u00e4mpfer perfekt auf Dich abgestimmt.<\/strong><\/p>\n<p><strong>TPS besteht aus 3 Modulen welche einzeln oder als Paket gebucht werden k\u00f6nnen:<\/strong><\/p>\n<p><strong>Modul 1 Ergonomie<\/strong><br \/>\n<strong>Wir bestimmen die perfekte Ergonomie mittels <a href=\"https:\/\/velo-land.ch\/web\/body-scanning-ergonomische-fahrradeinstellung\/\">Body Scanning<\/a> und \u00fcbertragen die ermittelten Werte mit den n\u00f6tigen Anpassungen auf Dein Bike. Die erreichte Sitzposition wird gecheckt und ggf. nach Deinen pers\u00f6nlichen Vorlieben angepasst!<\/strong><\/p>\n<p><strong>Aufwand ca. 1-1.5 Std<\/strong><br \/>\n<strong>150.-<\/strong><\/p>\n<p><strong>Modul 2 Fahrwerkssetup<\/strong><br \/>\n<strong>Wir stellen das Fahrwerk deines vollgefederten Bikes auf dein Gewicht und Deinen Fahrstil ein, erkl\u00e4ren Dir die Funktion und zeigen Dir wie Du auf dem Trail selber Einstellungen ver\u00e4ndern und anpassen kannst.<\/strong><\/p>\n<p><strong>Aufwand ca. 1.5-2 Std<\/strong><br \/>\n<strong>200.-<\/strong><\/p>\n<p><strong>Modul 1+2<\/strong><br \/>\n<strong>300.-<\/strong><\/p>\n<p><strong>Modul 3 Auswertung (Optional)<\/strong><br \/>\n<strong>Falls gew\u00fcnscht werten wir die Einstellungen Deiner Testrides mittels SRAM Quarq Datalog aus.<\/strong><\/p>\n<p><strong>Nach Aufwand 120.-\/Std<\/strong><\/p>\n<p><strong>Das komplette Setup wird auf einem Datenblatt erfasst, Du kannst die jeweiligen Einstellungen sp\u00e4ter jederzeit kontrollieren und anpassen! Eine Nachkontrolle mit evtl. Anpassungen ist inbegriffen!<\/strong><\/p>\n<p><strong>Alle Preise ohne Material!<\/strong><\/p>\n<p><strong>Beim Kauf eines Neuvelos im Velo-Land sind die Module 1 und 2 inbegriffen!<\/strong><\/p>\n<p>&nbsp;<\/p>\n","protected":false},"excerpt":{"rendered":"<p>&nbsp; TPS The Perfect Setup ist die Komplettl\u00f6sung f\u00fcr die perfekte Performance deines Bikes! TPS ist f\u00fcr Biker, Gravelfahrer, Rennvelofahrer und Tourenfahrer gleichermassen geeignet, die Module werden jeweils an den Velotyp angepasst. Sitzposition, Kraft\u00fcbertragung und Position der Hebel werden optimiert, die Federgabel und der D\u00e4mpfer perfekt auf Dich abgestimmt. TPS besteht aus 3 Modulen welche &hellip; <a href=\"https:\/\/velo-land.ch\/web\/tps\/\" class=\"more-link\"><span class=\"screen-reader-text\">\u201eTPS\u201c<\/span> weiterlesen<\/a><\/p>\n","protected":false},"author":2,"featured_media":0,"parent":0,"menu_order":0,"comment_status":"closed","ping_status":"closed","template":"","meta":{"ngg_post_thumbnail":0,"footnotes":""},"class_list":["post-4496","page","type-page","status-publish","hentry"],"_links":{"self":[{"href":"https:\/\/velo-land.ch\/web\/wp-json\/wp\/v2\/pages\/4496","targetHints":{"allow":["GET"]}}],"collection":[{"href":"https:\/\/velo-land.ch\/web\/wp-json\/wp\/v2\/pages"}],"about":[{"href":"https:\/\/velo-land.ch\/web\/wp-json\/wp\/v2\/types\/page"}],"author":[{"embeddable":true,"href":"https:\/\/velo-land.ch\/web\/wp-json\/wp\/v2\/users\/2"}],"replies":[{"embeddable":true,"href":"https:\/\/velo-land.ch\/web\/wp-json\/wp\/v2\/comments?post=4496"}],"version-history":[{"count":10,"href":"https:\/\/velo-land.ch\/web\/wp-json\/wp\/v2\/pages\/4496\/revisions"}],"predecessor-version":[{"id":4536,"href":"https:\/\/velo-land.ch\/web\/wp-json\/wp\/v2\/pages\/4496\/revisions\/4536"}],"wp:attachment":[{"href":"https:\/\/velo-land.ch\/web\/wp-json\/wp\/v2\/media?parent=4496"}],"curies":[{"name":"wp","href":"https:\/\/api.w.org\/{rel}","templated":true}]}}